
3
Let w(u) = -5*u**2 + 17*u - 3. Let t(x) = -2*x**2 + 8*x - 1. Let h(f) = -7*t(f) + 3*w(f). Let o be h(-4). What is the greatest common divisor of o and 3?
1
Let l = 21 + -11. Suppose -3*k + l = -k. Let c(q) = 2*q**3 - 7*q**2 - q - 4. Let f be c(k). Calculate the highest common divisor of 6 and f.
6
Let p be 36/90*5*68. Suppose 0 = o - 19 + 2. Calculate the greatest common factor of o and p.
17
Let j(t) = 3*t**3 - 4*t**2 + 3*t + 2. Let g be j(3). Let p(z) = z + 6. Let v be p(-6). Suppose -g = -v*i - i. Calculate the greatest common factor of 8 and i.
8
Suppose -4*h = 8 + 8, 2*n - 3*h - 716 = 0. What is the greatest common factor of n and 32?
32
Let r = -41 - -52. Calculate the greatest common factor of r and 77.
11
Let x be (1 - -2)/((-3)/2). Let d be 22/5 + x/5. Suppose -3*t + 29 = -5*u + d*u, 0 = -3*u + 3. What is the highest common factor of 10 and t?
10
Let n = 495 - 295. Suppose -3*p + 3*l + 134 = -58, -5*l = -3*p + n. Calculate the highest common divisor of p and 12.
12
Let n = -253 - -445. What is the greatest common factor of 12 and n?
12
Let s = 35 + -26. Calculate the highest common divisor of s and 45.
9
Suppose 5*d = -4*n + 55, -3*d + 0*n + 33 = -5*n. What is the highest common divisor of 55 and d?
11
Let c(d) = -2*d + 37. Let v be c(7). Let b be (-1 + 22/4)*46. Calculate the greatest common divisor of v and b.
23
Suppose 0 = -5*p + 4*r + 328, 248 = 4*p - 2*r + 6*r. Suppose 46 + p = 2*t. Calculate the greatest common factor of t and 11.
11
Suppose 4*z = 3*x + 146, -2*z = -3*x - 70 - 6. Let n be (14/z)/(2/50). Calculate the greatest common divisor of 2 and n.
2
Suppose 4*o + 2*o = 216. What is the highest common divisor of 27 and o?
9
Suppose -3*h + 4*q = -62, -5*h - 7*q + 50 = -3*q. Calculate the highest common divisor of 42 and h.
14
Suppose 3*w - 12 = -0*w. Let j(s) = 4*s**2 - 8*s + 1. Let m be j(2). What is the greatest common factor of w and m?
1
Suppose 3*v - 396 = -0*v - j, -4*v - 4*j = -528. Suppose 0 = -162*n + 149*n + 156. Calculate the greatest common factor of v and n.
12
Let g = 517 - 341. What is the greatest common factor of 16 and g?
16
Let p = 122 - 45. Calculate the highest common factor of p and 7.
7
Let h = 31 + -17. What is the highest common factor of h and 154?
14
Let q = 45 + 9. What is the greatest common factor of q and 36?
18
Let s = 121 - 41. Suppose b - s = -3*b. Calculate the highest common factor of b and 30.
10
Suppose v + 65 = -4*v. Let p = v + 21. Suppose -2*z - 5*k = -2 + 15, -2*z - k - 1 = 0. What is the highest common divisor of p and z?
1
Let z(s) = 3*s + 3. Let d be z(3). Calculate the highest common factor of 8 and d.
4
Suppose 0 = -2*o - 3*l + 5*l - 64, -5*l = o + 26. Let b = 47 + o. What is the highest common divisor of b and 2?
2
Suppose 8*s - 501 = 499. What is the greatest common factor of s and 25?
25
Suppose -2*p + 2 = -m - 6, 5*p - 22 = 2*m. What is the highest common factor of p and 4?
2
Suppose 0 = 2*q + 6 - 46. Calculate the highest common divisor of 100 and q.
20
Let y = 12 - 5. Let t be y - (0 + (1 - -1)). Suppose 20 = t*b - 3*b. Calculate the greatest common divisor of b and 10.
10
Let t be (2 - 0) + (-1 - -17). Suppose -13 = 3*n - 28, -3*n + 1005 = 5*p. What is the highest common factor of p and t?
18
Let k = -93 + 163. Calculate the highest common divisor of k and 28.
14
Let u be (-1 - 3) + 1 + 19. Suppose 3*n = -2*n. Suppose -48 = -n*p - 3*p. Calculate the greatest common factor of u and p.
16
Let d = -8 + 11. Suppose 9*l - 5*l = o + 63, 2*l + d*o - 49 = 0. What is the greatest common divisor of l and 51?
17
Let z(s) = s**2 + 12*s + 10. Let n be z(-12). What is the greatest common factor of 80 and n?
10
Let y = 65 - -12. Calculate the highest common factor of 7 and y.
7
Let o = 27 + -7. Let p = -8 - -13. What is the highest common divisor of o and p?
5
Suppose -4*a + 480 = -0*a. Let w be a/42*7/2. Suppose -1 + w = r. Calculate the greatest common divisor of r and 3.
3
Let q = -4 + 9. Let v be 4/q + (-10)/(-50). What is the highest common divisor of 9 and v?
1
Let w(x) = 3*x**3 - 5*x - 3. Let g be w(3). Calculate the highest common divisor of 9 and g.
9
Suppose -6 = 3*a + 2*y, 5*a + 3*y - 2*y = -10. Let r(c) = -4*c**2 + 2*c**2 + 2 - c + 3*c**2. Let d be r(a). Calculate the highest common factor of d and 12.
4
Suppose -2*n - 7*n = -54. What is the highest common divisor of n and 2?
2
Let b be 12/54 - 248/(-18). What is the highest common divisor of b and 2?
2
Let g be 72/6*4/6. Suppose -3*c + 0*c = 3*v - 60, 2*v = 0. Calculate the highest common divisor of c and g.
4
Let w = 38 - -122. What is the greatest common divisor of 10 and w?
10
Let k = -22 + 34. Let x = -29 + -7. Let u = x - -96. What is the highest common divisor of k and u?
12
Suppose 0*g = g - 28. What is the highest common divisor of 7 and g?
7
Let x be 1*(0 - -4) - -95. Calculate the highest common divisor of 11 and x.
11
Let p(c) = -c - 1. Let q be p(-8). Suppose -3 - q = 2*w + 4*x, 5*w + 1 = -4*x. Let u be w/(-18)*2*-15. Calculate the greatest common factor of 15 and u.
5
Suppose -7*b + 12*b + 90 = 0. Let r be b/(198/51 + -4). Calculate the greatest common divisor of 17 and r.
17
Let d = -30 - -93. What is the greatest common factor of d and 9?
9
Let t(w) = -w**2 + 10*w - 13. Let y be t(5). What is the greatest common divisor of 30 and y?
6
Suppose 0 = -3*s + 12, -2*j + 12 = -3*s + 6*s. Suppose -k = -2*o + 210, j = o - 2*o - k + 105. What is the greatest common factor of 42 and o?
21
Suppose -10*s + 2405 = 3*s. Let y(f) = 105*f**2 + f + 1. Let w be y(-1). Let g = s - w. Calculate the greatest common divisor of 16 and g.
16
Let g(b) = b - 1. Let j be g(6). Suppose 1 = -c + 4. Let l be -1 + 25 - (-3)/c. Calculate the greatest common divisor of l and j.
5
Let q(x) = 2*x**3 - 4*x**2 + 3*x - 2. Let t be q(2). What is the highest common factor of t and 32?
4
Suppose 3*h + 2*x = x - 3, -h - 3 = x. Suppose h = -0*p - p + 39. Calculate the highest common factor of 26 and p.
13
Let a be 424/30 + (-4)/30. Let w be 0 + 1/(2/338). Suppose -4*h - 4 = 0, -25 = 5*p - 4*h - w. What is the greatest common factor of p and a?
14
Let s be (0 + -3)/((-1)/2). Suppose -5*n + 0 = -15. Let o be n - 5/((-5)/3). Calculate the highest common factor of s and o.
6
Let p be 4 - (-5 + 2)*32. Let h be (-20)/(-6)*2*3. Calculate the highest common factor of h and p.
20
Let w be 1 - ((-4 - -1) + 8). Let d = w + 7. Calculate the highest common divisor of 33 and d.
3
Suppose -35 - 66 = -3*i - 2*o, -5*i = 3*o - 168. Suppose 10 = -f + 4. Let w = 17 + f. What is the highest common factor of i and w?
11
Suppose 14*x - 9*x - 45 = 0. Suppose x*z = 13*z - 160. What is the highest common divisor of 8 and z?
8
Suppose 2*b + 81 = b. Let t be 4/(-18) - 7308/b. What is the highest common factor of 10 and t?
10
Let t(j) = 17*j + 13. Let k be t(-9). Let u be (-15)/(-10)*k/(-6). What is the highest common factor of 7 and u?
7
Suppose 0 = 2*w - 4*j - 16, 3*w + 3*j - 1 - 5 = 0. Suppose 2*y - 7*y = -15, -b + 44 = -w*y. Calculate the highest common factor of 14 and b.
14
Suppose 5*s = 3*s + 16. Calculate the greatest common divisor of s and 8.
8
Suppose -2*u - 2*z + 10 = 0, 2*u + 7 = 3*u + 3*z. Suppose 0 = -5*s + 55 + 5. What is the highest common factor of u and s?
4
Suppose 3*i = 6*i + 3. Let d be 299/52 + i/(-4). Calculate the greatest common divisor of 6 and d.
6
Let s be ((-1)/2)/((-3)/24). Suppose -a + 267 = s*f - 348, 2*a = 5*f - 759. Calculate the highest common factor of f and 17.
17
Let c be 306/27*(0 + 3/1). What is the highest common divisor of c and 17?
17
Let b = 4 + -9. Let p be (-11)/b - 1/5. What is the greatest common factor of p and 18?
2
Let r be ((-11)/2)/(1/4). Let t = r - -42. What is the greatest common factor of 160 and t?
20
Let r(t) = 3*t - 16. Let z be r(15). Suppose -z = -3*v + 13. Let n be (-4)/(-2)*(-1 - -15). Calculate the greatest common factor of n and v.
14
Suppose 8 = -9*u + 107. Calculate the greatest common factor of u and 66.
11
Let x = -188 + 204. Suppose -4*u - 24 = -5*u. What is the highest common factor of x and u?
8
Let b = 4 + -1. Suppose 3*s + 0*g = -g + 15, -g + b = s. Suppose 28 = t + 4*w, -2*t - 4*w - 32 = -s*t. What is the greatest common factor of t and 8?
4
Let l(s) be the first derivative of 11*s**2/2 + s + 1. L